 - r + 6. Let i(j) = 3*k(j) - 4*t(j). Determine i(2).
-7
Let v(z) be the second derivative of -1/6*z**4 + 0*z**3 + 0 - 3*z + 0*z**2. Give v(2).
-8
Let i(y) = -y**3 + 2*y**2 + 4*y - 3. Let l be (9/(-2))/(2/(-4)). Let z be (3/(-2))/(l/(-18)). Give i(z).
0
Let r(k) = -k**3 - 6*k**2 - 6*k - 7. Let b be 1*(2 - (2 - 0)). Suppose b = -7*p + 3*p + 20. Suppose -2*o - 6 = -2*z, o + 0*z = p*z + 5. What is r(o)?
-2
Let c(q) = -q + 3. Let l be c(-2). Let z(p) = p**2 - 7*p + 4. Let y(h) = -h**2 + 7*h - 5. Let k(b) = -3*y(b) - 2*z(b). What is k(l)?
-3
Suppose -4*v = -0 - 12. Suppose -k - 2 = -v*k. Suppose 2*w = k + 1. Let x(a) = 3*a + 1. Give x(w).
4
Let f(b) = -7*b**3 + 3*b**2 - 2*b + 11. Let s(i) = 10*i**3 - 4*i**2 + 3*i - 16. Let c(o) = -7*f(o) - 5*s(o). Determine c(0).
3
Let q(r) = -r**2 + 4*r. Let w = -16 - -19. Suppose w = 3*o + 4*t, 5*o + t - 1 = 21. What is q(o)?
-5
Let z(x) be the second derivative of x**5/20 + x**4/3 + x**3/2 + x**2/2 + 63*x. Determine z(-4).
-11
Let y(h) = 2*h + h**2 - h + 0*h. Let m = -2 - -3. Determine y(m).
2
Let z(o) = o**3 - 3*o**2 + 2*o + 4. Let i(p) = -6*p - 39. Let f be i(-7). Determine z(f).
10
Let p(x) = x**3 - x**2 - x + 13. Suppose -4*r = 1 - 1. Give p(r).
13
Let y(t) = 2*t + 3. Let f be y(-3). Let l(x) = 1 - 1 - 4 + x. Calculate l(f).
-7
Let h(p) = p**3 - p**2. Let v be (-5 + 4)*1/1. Determine h(v).
-2
Let n(a) = -2*a**2 - 42*a + 47*a - 3 + a**3 - 5*a**2. Determine n(6).
-9
Let j(y) = 3*y + 12. Let r(g) = 4*g + 13. Let p(t) = -3*j(t) + 2*r(t). Let d = -17 + 26. Suppose 0 = -3*a - d - 6. What is p(a)?
-5
Let n(w) be the third derivative of 2*w**5/15 - w**4/24 + w**3/6 - 2*w**2. Calculate n(1).
8
Let r = 10 + -11. Let u(i) = 5*i - 1. Determine u(r).
-6
Let r(c) be the first derivative of -c**4/2 - c**2/2 - 2*c - 6. Let y be r(-1). Let q(h) = 7*h**3. What is q(y)?
7
Let w = -9 - -21. Suppose -3*i - w = -4*t, -6 = -5*i - 5*t + 9. Suppose 5*q + 5*p + 5 = -15, -4*q - 3*p - 11 = i. Let o(x) = -9*x**2 + x. Calculate o(q).
-8
Let t(o) = o**2 - 7*o + 2. Suppose 0 = -g + 5. Suppose g*k - 7 - 11 = -3*n, -5*n - 26 = -k. What is t(k)?
-4
Let a(h) = 14*h. Let t(x) = 5*x. Let z(b) = 4*a(b) - 11*t(b). What is z(-1)?
-1
Let x(f) = -3 + 2*f + 4 - 2 + 0. Let h = 9 - 14. Determine x(h).
-11
Let s be 11/((-6 - -2) + 3). Let m = -8 - s. Let a(h) = -m + 0*h - h + 1 + 0. What is a(-6)?
4
Let u(m) = -3*m + 3. Suppose 5*l - 20 = 20. Suppose l + 7 = 5*r. What is u(r)?
-6
Let r(s) = -s**3 + 4*s**2 + 5*s. Suppose 0 = 4*x - 5*w + 18, -4*w = -3*x - 6 - 8. Let j = 3 - x. Let i be r(j). Let g(l) = l**2 + l + 6. Determine g(i).
6
Let j(y) be the third derivative of -2*y**2 + 0*y**3 + 0 + 0*y + 1/8*y**4. Give j(2).
6
Suppose -2*d + 6*d = -12. Let v(u) = -u**3 - u + 1. Let i(p) = 3*p**3 + 3*p**2 + p - 5. Let j(z) = -i(z) - 2*v(z). Give j(d).
0
Let p = 2 - 2. Let u(r) be the second derivative of -r**8/6720 + r**7/2520 + r**5/12 + r**4/12 - 5*r. Let d(z) be the third derivative of u(z). Calculate d(p).
10
Let o(a) = 18 - a - 33 + 6. What is o(0)?
-9
Let h be (0 + -1 + -1)*2. Let f(z) = -z**3 - 4*z**2 - 3*z + 1. What is f(h)?
13
Let p(f) = -7*f**2 - 2. Let n(l) = l**2 - l. Let b(j) = 6*n(j) + p(j). Let k be (2/3)/(3/(-18)). Give b(k).
6
Let a(c) = -c + 10. Let k be a(8). Suppose j = k*j + 12. Let h = j + 9. Let l(s) = -s**3 - 5*s**2 - 5*s - 3. What is l(h)?
-6
Let a = -6 - -10. Suppose a = -5*i + i. Let l(b) = 8*b - 1. Let u(z) = -8*z + 1. Let v(k) = 3*l(k) + 4*u(k). Determine v(i).
9
Suppose -2 = -3*k + 10. Suppose k*s - 12 + 0 = 0. Let u(i) = -2*i - 2. Calculate u(s).
-8
Let s(a) = 4*a**2 - 14*a + 1. Let r(j) = -5*j**2 + 15*j - 2. Let y(f) = 5*r(f) + 6*s(f). Let x(n) be the first derivative of y(n). Give x(-6).
3
Let d(h) be the first derivative of -h**6/360 + h**5/60 + h**4/6 + 2*h**3/3 - 1. Let n(w) be the third derivative of d(w). Determine n(4).
-4
Let k(n) be the third derivative of -1/60*n**5 + 1/2*n**3 + 0 + 0*n + 1/6*n**4 - 3*n**2. Give k(-2).
-9
Let o(j) = -2*j - 16. Suppose 0 = 2*b + 3*v + 12, -2*v + 56 = -5*b - 3*v. Calculate o(b).
8
Let k(i) be the third derivative of -i**5/20 - i**4/8 - i**2. Let s(t) = -2*t**2 - 4*t - 2. Let u be s(-2). Let o = -4 - u. What is k(o)?
-6
Let l(b) = -b + 9. Let s be l(-7). Let h = -11 + s. Let m(u) = -u**3 + 4*u**2 + 4*u + 2. Calculate m(h).
-3
Let g = 9 + -13. Let z(p) = -p**2 - 5*p - 1. Determine z(g).
3
Let t(w) = -5*w + 3. Let l(o) = o**3 - 5*o**2 + 9*o - 6. Let p be l(3). Give t(p).
-12
Let a be -2*(1 - 10/4). Suppose -2*j = a*j - 10. Let u(d) = 0*d**2 - 10*d - 2*d**2 + 8*d + j*d**3 + 1. What is u(2)?
5
Let j(k) = k**3 - 5*k**2 + 4*k - 2. Suppose 7 - 1 = -c. Let p be (3/c + 1)*-8. Let l = 0 - p. Determine j(l).
-2
Let q(m) = -m**2 + 4*m. Suppose u - 4*u + 3 = 0. Let b(x) be the second derivative of 5*x**3/6 + 2*x. Let y be b(u). Determine q(y).
-5
Let j be (-1)/1 - (-3 + 2). Let p(v) = v + j*v**3 + 2 + 0*v - 3*v**2 + v**3. Calculate p(3).
5
Let q(d) be the first derivative of -d**4/24 - d**3/6 - d**2 - 2. Let i(o) be the second derivative of q(o). Let n be (-3 + -3)*4/(-6). Determine i(n).
-5
Let o(l) = -l + 2. Let n(g) = -9*g + 0*g**2 - 6*g + g**2 + 6*g + 4. Let m be n(8). Give o(m).
6
Let r(g) be the second derivative of g**4/12 + 5*g**3/6 - 3*g**2/2 + g. Let d be -3 + (-3)/6*4. Calculate r(d).
-3
Let o(n) = -6*n**2 + n**3 - n + 190 - 196 - 2*n**3. Determine o(-6).
0
Suppose 3*d = -0*d - 12. Let w(q) = -q**2 - 6*q + 10. Let r be w(-7). Let u(g) = g**r - 2*g**3 - 3*g**2 - 33 + 4*g + 28. What is u(d)?
-5
Let t(h) = -h + 1. Let w(r) = -3*r + 7. Let u(b) = 4*t(b) - w(b). Calculate u(5).
-8
Let x(h) be the first derivative of 7 + 1/2*h**2 + 2/3*h**3 - h. Calculate x(1).
2
Let b(t) be the second derivative of 1/6*t**3 + 6*t - 1/2*t**2 + 0. What is b(-3)?
-4
Let d(r) = -r**2 + 4 - 2*r - 3*r - 10. Let k(x) = -x**3 - x**2 - x - 4. Let h be k(0). Calculate d(h).
-2
Let t(c) = -c**2 - 8*c. Suppose 2*f = -0*f - 32. Let b = 10 + f. Give t(b).
12
Let h(q) be the second derivative of -1/4*q**4 - 3*q + 1/2*q**2 + 0 + 1/20*q**5 - 1/3*q**3. Calculate h(2).
-7
Suppose 4*q = -25 + 9. Let y(r) = 8*r + r**2 + 2 - 3*r - 3. Let a be y(q). Let v(o) = o + 6. Determine v(a).
1
Let m(j) = 3*j - 2. Let w be -2 + -1 + 2 + -1. Calculate m(w).
-8
Suppose l - 2*l = 0. Suppose -5*z + 5*o + 6 - 1 = 0, l = 4*z + 3*o - 18. Let t(a) = z + 1 + a - 2. What is t(-4)?
-2
Let u(i) = i**3 + 7*i**2 + i + 2. Let p = -12 + 5. Let w be u(p). Let g(r) be the second derivative of r**5/20 + r**4/3 - r**3 + r**2 + r. Give g(w).
7
Let k = 0 + 0. Suppose k = -4*a + 3*w + 11, 4*w + 1 + 1 = -a. Suppose v - 4 = a. Let s(x) = x - 2. Determine s(v).
4
Suppose 3*u = 2*u. Let k(q) = -4*q - 4 + u*q**2 - q**2 + 7*q. Suppose r + i + 0*i = 5, -6 = -2*r + 2*i. Give k(r).
-8
Let j be (12 - (2 - 4)) + 1. Let s = j - 10. Let u(i) = -s*i**3 + 5*i**3 - 5*i**2 + i**3. Determine u(5).
0
Let i(v) = -5*v**3 - 5*v**2 - 13*v - 4. Let d(u) = 9*u**3 + 10*u**2 + 25*u + 7. Let x(m) = -6*d(m) - 11*i(m). Let b = -57 - -63. Give x(b).
-4
Suppose -6*v = -1 - 5. Let x(c) be the second derivative of -2*c**3/3 - 3*c. Calculate x(v).
-4
Let g(j) = 0*j**3 + j**3 + j + 2*j**2 - 3*j**3. Suppose 4*r + 3 + 5 = 0. Let b = r + 1. Calculate g(b).
3
Suppose 3*h + 0*h = -18. Let r(j) = -j**2 - 6*j + 5. Let p be r(h). Let t(n) = -n**2 + 5*n + 6. Calculate t(p).
6
Let n be 2*9/6 + 2. Let y(x) = -2*x**2 + 5*x + 4. Let a(p) = p**2 - 3*p - 2. Let w(c) = -5*a(c) - 2*y(c). Calculate w(n).
2
Suppose -3*j - 15 + 3 = 0. Let y(b) be the third derivative of b**5/60 + b**4/6 - b**3/6 - 14*b**2. Give y(j).
-1
Let q be 2/6 + 275/(-33). Let o = q - -11. Let d(t) = t**2 - 5*t + 4. What is d(o)?
-2
Let p(x) = 7*x - 5*x - x + 10. Determine p(0).
10
Let f be 4 + 0 - (-8 - -5 - -2). Let t(v) = -v**2 + 3*v - 2. What is t(f)?
-12
Let o(z) = z + 6. Let m(n) = -n**3 + 4*n**2 - 2*n + 3. Let d = 3 - -1. Let j be m(d). What is o(j)?
1
Suppose -5*m - 4*q = -3*q - 12, -5*m + 2*q = -21. Suppose -5*y + 7*y - m*z = 6, 3*z = y - 3. Let l(g) = 3*g - 3. Give l(y).
6
Let z(v) = -3*v - 2. Let y(q) = -7*q - 5. Let h(w) = -6*y(w) + 15*z(w). What is h(-3)?
9
Let r = 14 + -27/2. Let n(k) be the second derivative of k + 0*k**3 + 1/3*k**4 + 0 - r*k**2. Determine n(-1).
3
Suppose 76*g - 5 = 71*g. Let v(c) = -2*c + 1 + 0 + c**2 + c. Calculat